*2 - 42*j + 65. Let d be p(-12). Let u be 3 + d/(-14)*-16. Let y(m) = -m**3 - 7*m**2 - 2*m + 7. Calculate y(u).
-33
Let g be 0 + -4 - 3*(-3)/9. Let h(j) = 3*j**3 + 8*j**2 - 5. Determine h(g).
-14
Let d(v) = -2*v**3 + v - 6. Suppose -t - 3 = 3*z, -z - 4*t = 11 + 1. What is d(z)?
-6
Suppose -4*w = -3*w, -4*w = -3*g + 6. Let d(k) be the second derivative of -5*k**3/3 + k**2/2 + 1082*k - 47. Calculate d(g).
-19
Let z(w) = -w**3 + 19*w**2 + 3*w - 18. Suppose -j = 3*h - 10, 4*j + 12*h - 15*h = 85. Calculate z(j).
39
Let m(b) = 323*b + 313*b + 11*b**2 - 37 + 318*b - 970*b + b**3. Determine m(-12).
11
Let f(x) be the first derivative of x**6/360 - x**5/24 - 7*x**4/24 + 55*x**3 + 96. Let z(c) be the third derivative of f(c). Determine z(5).
-7
Let m be (9/12)/(2*3/(-72)). Let w = m + 20. Let y(a) = -a**2 + 10*a + 14. Let p be y(w). Let x(r) = -5*r - 4. What is x(p)?
-19
Let k(r) = -r**2 - 2*r - 4. Let u be (-3)/(17 + 2 + -18). Give k(u).
-7
Let j(f) = 1 + 18*f - 6 - 10 + 4 - 4*f. Give j(-2).
-39
Let b(j) = -10 + j - 3*j - 4*j**2 - 9 + 0*j + 20. Let x(m) = -m**3 + 7*m**2 - 6*m - 3. Let l be x(6). Determine b(l).
-29
Let s be 0*((2 - -1) + -2). Let h(v) = -3*v**3 + s - 2*v**2 - 3*v - v - 2. Let m be (-20 + -58)/3 - -24. Give h(m).
22
Let g(r) be the second derivative of -6*r**3 + 281*r**2/2 - 2090*r. What is g(8)?
-7
Let m(z) = -3*z**3 - 55*z**2 + 37*z - 17. Let p be m(-19). Let f(q) be the second derivative of 0 - 1/2*q**3 - 5*q**p - 11*q. Give f(-8).
14
Let s(h) = h**3 - 2*h**2 - h. Let m be s(2). Let z(k) be the first derivative of 9/2*k**2 - k + 223. Calculate z(m).
-19
Let h be 14/(((-33)/(-27))/11*6). Let m(v) = 2*v - 41. Determine m(h).
1
Let c(s) = -s**2 + 1. Let z(m) = -m**3 + 4*m**2 + 5*m. Suppose 38 = -8*v + 262. Suppose v - 18 = 2*g. Let t be z(g). Calculate c(t).
1
Let a(m) = -33*m - 43*m**2 - 19*m + 51 - 641*m**3 - 19*m + 10*m**2 + 642*m**3. Calculate a(35).
16
Let m(b) = 5556850*b + 62 - 215 - 5556840*b. Determine m(12).
-33
Suppose 3*x - 16 = 2*t, -4*x - 3*t - 1 + 11 = 0. Let i(k) = 2*k + 640 - 644 - 4*k. Give i(x).
-12
Let t be (14/4)/((-4)/(-8)). Let y(z) = -z + 7 - 5*z**3 - z - t*z**2 + 6*z**3. Calculate y(7).
-7
Let q(o) = -75*o - 451. Let c = 37547 - 37553. Calculate q(c).
-1
Let f(j) = -j - 5. Let v(t) = 1. Let m(w) = -f(w) - 6*v(w). Let i(u) = u**2 - 13*u. Let h(l) = i(l) + 5*m(l). Let r(g) = 5*g - 1. Let p be r(2). Give h(p).
4
Let j(r) = 14*r. Let g(b) = -5*b. Let v(x) = 11*g(x) + 4*j(x). Let y(o) = -12 + 4 + 13*o + 3 + 6. Let d be y(0). Determine v(d).
1
Let t(w) be the first derivative of w**6/120 - 7*w**5/30 - 5*w**4/8 - w**3/2 + 30*w**2 - 2*w - 155. Let j(z) be the second derivative of t(z). What is j(15)?
-3
Let h be (((-44)/16)/11)/(2/(-200)). Let u(d) = 18 + 3*d - h + d**2 - 14*d. What is u(9)?
-25
Let y(c) = -35 - 31*c - 11*c + 213 + 28*c + 39*c. What is y(-6)?
28
Suppose -6*g + 9*g - 189 = 0. Let v be ((-20)/30)/((-6)/g). Let r(i) be the second derivative of i**5/20 - 2*i**4/3 + 4*i**3/3 - 4*i**2 + 4*i. Determine r(v).
-1
Let o(p) be the second derivative of p**5/20 + 3*p**4/4 + 2*p**3 + 19*p**2/2 - 1887*p. What is o(-8)?
-13
Let v be 38/(-304) + ((-5)/(40/(-33)) - 0). Let d(m) = 2*m**2 - 7*m + 15. Determine d(v).
19
Let k(w) = -2*w**2 + 16*w + 35. Let b be k(-19). Let r = b + 1452. Let y(a) = -462*a - 2*a**2 + 1 - a**2 + r*a. Calculate y(2).
-13
Let q(v) = -v**2 - 5*v + 18. Suppose -b = -2*a, 9 = -2*a - 1 + 2. What is q(b)?
-6
Let d(w) be the second derivative of -w**4/12 - w**3/6 + 3*w**2/2 + 1182*w. Suppose 2*h + 4 = -0*h. Let y be (h/(-3))/(4/18). Determine d(y).
-9
Let v(y) be the third derivative of y**3 + 0 + y**2 - 1/60*y**5 + 1/8*y**4 + 0*y. Let f(l) = l**2 - 305*l - 43045. Let s be f(-105). Determine v(s).
-4
Let j(y) = 17*y**3. Let f be 1/(-1) + 47 + 0. Let s = f + -29. Suppose -9*c + s*c + 8 = 0. Give j(c).
-17
Suppose 7*c + 0*c = 476. Let f(q) = 2 - 64*q - q**2 + c*q - 6. Calculate f(3).
-1
Let g(k) = 31*k - 28*k + 22*k - 1. Suppose 0 = -64*j + 85*j - 42. Give g(j).
49
Let a(m) be the first derivative of -5*m**2/2 + 12*m + 1465. What is a(3)?
-3
Let y(c) = -32*c**3 - 7*c**2 - 14. Let u(s) = 9*s**3 + 2*s**2 + 5. Let b(v) = 7*u(v) + 2*y(v). Calculate b(0).
7
Suppose -107*l = -47*l - 1860. Let k(u) = u**2 - 38*u + 223. What is k(l)?
6
Suppose 0 = 3*j + 4*f - 14, -5*f = -1 + 21. Let a(o) = -o**3 + 11*o**2 - 6*o - 22. What is a(j)?
18
Let b(j) be the second derivative of -2*j**4/3 - 49*j**3/6 + 5*j**2/2 + 16*j + 72. What is b(-6)?
11
Let b(a) be the second derivative of -a**5/20 - 11*a**4/12 + 4*a**3/3 + 6*a**2 + 40*a - 85. Calculate b(-12).
60
Let j be 10 + -1*(-4 - -11). Suppose -3*y = -3*f - 9, -7*y = j*f - 9*y + 11. Let r(i) = -i**2 - 3*i + 3. Determine r(f).
-7
Let o(b) = -49*b**3 - 4*b - 14. Let i(p) = 145*p**3 + 13*p + 46. Let v(g) = 3*i(g) + 10*o(g). What is v(-1)?
54
Let z(j) = -13139*j**2 - 3 + 13142*j**2 - 8 + 4*j. Determine z(-3).
4
Let t(z) = 2*z**2 - 13*z + 25. Let b be t(5). Let v(q) = -52 + 97 - 46 + b*q. Calculate v(1).
9
Let h(t) be the third derivative of -t**6/120 + t**5/20 - t**4/8 - 9*t**2. Let o(b) = -b**3 + 2*b**2 + 1. Let i(v) = h(v) - 3*o(v). Give i(3).
15
Let n(j) = 2*j**3 - 56*j**2 - 189*j + 51. Let m be n(31). Let g(z) = 5*z + 204. Determine g(m).
-6
Let g(n) = -5905*n - 911 - n**3 + 8*n**2 + 5924*n + 928. Calculate g(10).
7
Let o = 6 - 3. Suppose 0 = m + 4*l + 7 - 48, 3*l = 2*m - 38. Let w(q) = m*q**o - 6*q**2 + 9*q + 4 - 1 - 26*q**3. Determine w(-7).
-11
Let o(h) = -8*h + 7. Let c(m) = 9*m - 8. Let y(t) = -6*c(t) - 7*o(t). Let w be ((-10)/(-54))/((-264)/(-1188)) - 371/42. What is y(w)?
-17
Suppose -22 = f + 3*a, -14 = 2*f + 2*a - a. Let t(i) = -13*i + 34. Determine t(f).
86
Let g(i) be the second derivative of 7/2*i**2 - 19*i + 0 + 1/3*i**3. Suppose 4*p = -20 - 0. Give g(p).
-3
Let p(d) = 35*d**2 + 2*d - 6. Let f(h) = 79*h**2 + 3*h - 12. Let v(q) = -4*f(q) + 9*p(q). Calculate v(0).
-6
Let h = -2896 + 2903. Let f(u) = u**3 - 7*u**2 - u + 16. Calculate f(h).
9
Suppose 41*w - 108 - 400 = -139. Let s(y) = 9*y - 73. Determine s(w).
8
Let v(j) be the second derivative of -1/2*j**2 + 3 - 16*j + 2*j**3. Give v(3).
35
Let c(s) = -572*s**2 + 1161*s**2 + 3*s + 7 - 588*s**2. What is c(6)?
61
Let l(y) = y - 7 - 163368*y**2 - y**3 + 2*y + 163367*y**2. What is l(-3)?
2
Let j(m) = 2*m + 314362*m**3 - 157178*m**3 - 157183*m**3 - 5*m - 48 + 13*m**2. Calculate j(-13).
-9
Let h(a) = -21 - 3*a**2 + 17*a - 2*a**2 - 2*a**2 + a**3 + 25 - 8*a. Calculate h(5).
-1
Let k be (7/(-14) - -3)*(51/(-15) + 1). Let n(r) be the third derivative of r**6/120 + r**5/12 - 7*r**4/24 + 7*r**3/6 + r**2. What is n(k)?
13
Let g(b) = b**3 + 10*b**2 - 5*b + 8. Suppose 31168*n - 31176*n - 80 = 0. What is g(n)?
58
Let b(l) = 8 + l + 0*l + 0. Let u(v) = 2*v + 15. Let k(n) = -7*b(n) + 4*u(n). Give k(7).
11
Let i be 1/((6/(-8))/(-3)). Let z = 6 - i. Let b(t) = -6*t + 19*t + 15*t - 25*t + 2. Determine b(z).
8
Suppose -39*v - 138 = 43 + 209. Let c(n) = n**3 + 10*n**2 - n - 4. What is c(v)?
6
Suppose 2*d - 2*j = -16, -14*j = -3*d - 17*j. Let c(s) = -15*s - 6. Give c(d).
54
Let w be 28 - (-741)/(57/(-3)). Let f(j) = -12*j - 114. Calculate f(w).
18
Let d be 0/(6/4*(-12)/18). Let o(r) = 10. Let n(i) = -i + 26. Let v(s) = n(s) - o(s). Determine v(d).
16
Let n(d) = -d**2 - d. Suppose 94 - 46 = 6*u. Let c be 0*1/u*-1. Determine n(c).
0
Let x(z) = 9*z + 224. Let j be x(-23). Suppose j*f - 17 = 51. Let l(r) = -r**3 + 6*r**2 - 6*r + 1. Give l(f).
9
Let f(s) = -5*s - 24. Suppose 68*n - 216 = 184*n - 92*n. Determine f(n).
21
Let a(w) = -2*w**3 + 40*w**2 + 9*w - 18. Let l(c) = -2*c**3 + 35*c**2 + 8*c - 16. Let r(u) = 6*a(u) - 7*l(u). Give r(4).
44
Let v(r) = 4*r + 7. Let i(m) = -5*m - 6. Let y(o) = -5*i(o) - 6*v(o). Suppose 2*f + 1 = 2*t - 7, -5*t + 4*f = -22. Give y(t).
-6
Let t(u) = -u**3 + 4*u + 2. Suppose -44*f = -45*f + 2. Let r be (-9)/f*7/((-126)/(-12)). What is t(r)?
17
Let x(b) = 5*b**2 - 3*b. Let m(t) = -t - 8 + 2*t + 5*t**2 - 4*t**2 + 9. Let r(l) = 4*m(l) - x(l). Calculate r(7).
4
Let s(c) = -c**3 - 8*c**2 - 8*c - 7. Suppose 0 = a - g + 5, -5*a - 10 = -g - g. Suppose a = 2*k + 6, 3*q - 4 - 14 = k. Let h be (-703)/95 + 2/q. What is s(h)?
0
Let y(l) be the third derivative of -l**6/120 - 3*l**5/10 + 41*l**4/24 + 13*l**3/6 - 4*l**2 - 1